{"id":335,"date":"2024-02-08T15:42:51","date_gmt":"2024-02-08T14:42:51","guid":{"rendered":"https:\/\/mpc-iso.com\/content\/?page_id=335"},"modified":"2024-05-31T09:42:04","modified_gmt":"2024-05-31T07:42:04","slug":"leistungen","status":"publish","type":"page","link":"https:\/\/mpc-iso.com\/content\/de\/leistungen\/","title":{"rendered":"Leistungen"},"content":{"rendered":"\n<div id=\"section-g843c51\" class=\"wp-block-gutentor-e6 section-g843c51 gutentor-element gutentor-element-image\"><div class=\"gutentor-element-image-box\"><div class=\"gutentor-bg-image\"><\/div><\/div><\/div>\n\n\n\n<section id=\"gmcca926e\" class=\"wp-block-gutentor-m4 section-gmcca926e gutentor-module gutentor-advanced-columns has-color-bg has-custom-bg\"><div class=\"grid-container\"><div class=\"grid-row\">\n<div id=\"col-gme17140\" class=\"wp-block-gutentor-m4-col col-gme17140 gutentor-single-column  grid-lg-6 grid-md-12 grid-12\"><div id=\"section-gme17140\" class=\"section-gme17140 gutentor-col-wrap\">\n<div id=\"section-g8a3935\" class=\"wp-block-gutentor-e1 section-g8a3935 gutentor-element gutentor-element-advanced-text wow slideInLeft\" data-wow-animation=\"slideInLeft\"><div class=\"gutentor-text-wrap\"><h2 class=\"gutentor-text\">Langj\u00e4hrige Erfahrung<\/h2><\/div><\/div>\n\n\n\n<div id=\"section-g9ec791\" class=\"wp-block-gutentor-e1 section-g9ec791 gutentor-element gutentor-element-advanced-text wow slideInUp\" data-wow-animation=\"slideInUp\"><div class=\"gutentor-text-wrap\"><p class=\"gutentor-text\">Aufgrund pers\u00f6nlicher Erfahrungen ist es schwierig, in einem fremden Land sinnvolle Kontakte in diesem Bereich zu kn\u00fcpfen. Es ist von entscheidender Bedeutung, die notwendigen Schritte zu kennen und gleichzeitig die unterschiedlichen Regeln, Vorschriften und Gesetze eines ausl\u00e4ndischen Marktes zu ber\u00fccksichtigen. <br><br><strong>ZUM BEISPIEL:<\/strong> Der erste Schritt k\u00f6nnte darin bestehen, einen von offiziellen Organisationen empfohlenen Anwalt oder Steuerberater zu beauftragen, der sehr hohe Geb\u00fchren verlangt, oder Sie k\u00f6nnen MPC iso USA, Inc. nutzen und sich auf unsere Erfahrungen und etablierten Kontakte verlassen, um Ihrem Unternehmen dabei zu helfen, die gleichen Qualit\u00e4tsdienstleistungen g\u00fcnstiger zu erhalten.<br><br>Gleiches gilt f\u00fcr Kontakte im Bereich des industriellen oder elektrischen Anlagenbaus.<\/p><\/div><\/div>\n<\/div><\/div>\n\n\n\n<div id=\"col-gm79006d\" class=\"wp-block-gutentor-m4-col col-gm79006d gutentor-single-column  grid-lg-6 grid-md-12 grid-12\"><div id=\"section-gm79006d\" class=\"section-gm79006d gutentor-col-wrap\">\n<div id=\"section-g0baa9d\" class=\"wp-block-gutentor-e1 section-g0baa9d gutentor-element gutentor-element-advanced-text wow slideInRight\" data-wow-animation=\"slideInRight\"><div class=\"gutentor-text-wrap\"><h2 class=\"gutentor-text\">Unsere Philosophie<\/h2><\/div><\/div>\n\n\n\n<div id=\"section-gdb8d50\" class=\"wp-block-gutentor-e1 section-gdb8d50 gutentor-element gutentor-element-advanced-text wow slideInRight\" data-wow-animation=\"slideInRight\"><div class=\"gutentor-text-wrap\"><p class=\"gutentor-text\">ist es, den Beratungsprozess vorab mit unseren Kunden zu beginnen und die ersten Schritte zum Eintritt in den US-Markt zu unternehmen. Wir bieten verschiedene Servicemodelle an, so dass unsere Kunden den Umfang der Unterst\u00fctzung w\u00e4hlen k\u00f6nnen, der f\u00fcr ihr Vorhaben relevant ist.<br><br>Die Dienstleistungen k\u00f6nnen von administrativer Unterst\u00fctzung bis hin zu umfassender Beratung bei jedem Schritt in Ihrem Projekt reichen.<\/p><\/div><\/div>\n<\/div><\/div>\n<\/div><\/div><\/section>\n","protected":false},"excerpt":{"rendered":"","protected":false},"author":1,"featured_media":0,"parent":0,"menu_order":0,"comment_status":"closed","ping_status":"closed","template":"template-gutentor-full-width.php","meta":{"footnotes":""},"class_list":["post-335","page","type-page","status-publish","hentry"],"_links":{"self":[{"href":"https:\/\/mpc-iso.com\/content\/wp-json\/wp\/v2\/pages\/335","targetHints":{"allow":["GET"]}}],"collection":[{"href":"https:\/\/mpc-iso.com\/content\/wp-json\/wp\/v2\/pages"}],"about":[{"href":"https:\/\/mpc-iso.com\/content\/wp-json\/wp\/v2\/types\/page"}],"author":[{"embeddable":true,"href":"https:\/\/mpc-iso.com\/content\/wp-json\/wp\/v2\/users\/1"}],"replies":[{"embeddable":true,"href":"https:\/\/mpc-iso.com\/content\/wp-json\/wp\/v2\/comments?post=335"}],"version-history":[{"count":12,"href":"https:\/\/mpc-iso.com\/content\/wp-json\/wp\/v2\/pages\/335\/revisions"}],"predecessor-version":[{"id":491,"href":"https:\/\/mpc-iso.com\/content\/wp-json\/wp\/v2\/pages\/335\/revisions\/491"}],"wp:attachment":[{"href":"https:\/\/mpc-iso.com\/content\/wp-json\/wp\/v2\/media?parent=335"}],"curies":[{"name":"wp","href":"https:\/\/api.w.org\/{rel}","templated":true}]}}